{"id":31,"date":"2018-10-23T08:04:01","date_gmt":"2018-10-23T08:04:01","guid":{"rendered":"https:\/\/futuriodemos.com\/default-demo\/?page_id=31"},"modified":"2024-01-23T02:05:52","modified_gmt":"2024-01-23T02:05:52","slug":"home","status":"publish","type":"page","link":"https:\/\/jamaak.com.mx\/","title":{"rendered":"INICIO"},"content":{"rendered":"<blockquote><p>\n<\/p><h2 style=\"text-align: center;\"><b>&#8220;Cultivando saberes para una vida arm\u00f3nica y autosustentable&#8221;<\/b><\/h2>\n<\/blockquote>\n\n\n<figure class=\"wp-block-image is-resized\"><img fetchpriority=\"high\" decoding=\"async\" src=\"http:\/\/jamaak.com.mx\/wp-content\/uploads\/2022\/09\/Turquoise-Ocean-Water-Seascape-Hello-Summer-Photo-Collage-Facebook-Cover-1024x577.png\" alt=\"\" class=\"wp-image-699\" width=\"663\" height=\"373\" srcset=\"https:\/\/jamaak.com.mx\/wp-content\/uploads\/2022\/09\/Turquoise-Ocean-Water-Seascape-Hello-Summer-Photo-Collage-Facebook-Cover-1024x577.png 1024w, https:\/\/jamaak.com.mx\/wp-content\/uploads\/2022\/09\/Turquoise-Ocean-Water-Seascape-Hello-Summer-Photo-Collage-Facebook-Cover-300x169.png 300w, https:\/\/jamaak.com.mx\/wp-content\/uploads\/2022\/09\/Turquoise-Ocean-Water-Seascape-Hello-Summer-Photo-Collage-Facebook-Cover-768x433.png 768w, https:\/\/jamaak.com.mx\/wp-content\/uploads\/2022\/09\/Turquoise-Ocean-Water-Seascape-Hello-Summer-Photo-Collage-Facebook-Cover.png 1640w\" sizes=\"(max-width: 663px) 100vw, 663px\" \/><\/figure>\n\n\n\n<p style=\"text-align:center\" class=\"has-background has-medium-font-size has-luminous-vivid-amber-background-color\"><strong> Jamaak Escuela Verde <\/strong>&#8220;Es un centro de capacitaci\u00f3n para la vida sustentable, donde se  ense\u00f1an t\u00e9cnicas  alternativas al cultivo convencional, compostaje, reciclaje entre otras ecotecnias para que con estas herramientas el cursante tenga acceso a una mejor calidad de vida&#8221; \n\n<\/p>\n\n\n\n<figure class=\"wp-block-embed-youtube wp-block-embed is-type-video is-provider-youtube wp-embed-aspect-4-3 wp-has-aspect-ratio\"><div class=\"wp-block-embed__wrapper\">\n<iframe title=\"Jamaak Escuela Verde\" width=\"525\" height=\"394\" src=\"https:\/\/www.youtube.com\/embed\/gMFd1hSIIUk?feature=oembed\" frameborder=\"0\" allow=\"accelerometer; autoplay; clipboard-write; encrypted-media; gyroscope; picture-in-picture; web-share\" referrerpolicy=\"strict-origin-when-cross-origin\" allowfullscreen><\/iframe>\n<\/div><\/figure>\n\n\n\n<div class=\"wp-block-cover has-background-dim is-layout-flow wp-block-cover-is-layout-flow\" style=\"background-image:url(http:\/\/jamaak.com.mx\/wp-content\/uploads\/2019\/11\/en-el-inver-5_Original.jpg)\"><p class=\"wp-block-cover-text\"><a href=\"https:\/\/jamaak.com.mx\/index.php\/cursos-y-talleres-2\/\">CONOCE NUESTROS  CURSOS Y TALLERES  <\/a><br>&gt;&gt;Click aqu\u00ed&lt;&lt;<\/p><\/div>\n\n\n\n<h3 class=\"wp-block-heading\" style=\"text-align:center\">Tambi\u00e9n nos dedicamos al cultivo y venta de nuestra ensalada de lechuga hidrop\u00f3nica  mixta, deliciosa, fresca y favorita de los consumidores ensenadenses y de los restaurantes locales que quieren brindar a sus clientes el producto de mejor calidad en la regi\u00f3n<\/h3>\n\n\n\n<div class=\"wp-block-media-text alignwide\"><figure class=\"wp-block-media-text__media\"><img decoding=\"async\" width=\"442\" height=\"523\" src=\"https:\/\/jamaak.com.mx\/wp-content\/uploads\/2022\/09\/image.png\" alt=\"\" class=\"wp-image-627\" srcset=\"https:\/\/jamaak.com.mx\/wp-content\/uploads\/2022\/09\/image.png 442w, https:\/\/jamaak.com.mx\/wp-content\/uploads\/2022\/09\/image-254x300.png 254w\" sizes=\"(max-width: 442px) 100vw, 442px\" \/><\/figure><div class=\"wp-block-media-text__content\">\n<p style=\"font-size:18px;text-align:center\" class=\"has-text-color has-background has-luminous-vivid-amber-color has-very-dark-gray-background-color\"><a href=\"https:\/\/jamaak.com.mx\/index.php\/productos\/\">Ensalada de lechugas hidrop\u00f3nicas Jamaak<\/a><\/p>\n\n\n\n<p style=\"text-align:center\">&gt;&gt;<a href=\"https:\/\/jamaak.com.mx\/index.php\/productos\/\">conoce m\u00e1s&lt;&lt;<\/a><\/p>\n<\/div><\/div>\n\n\n\n<h2 class=\"wp-block-heading\" style=\"text-align:center\">Adem\u00e1s te ofrecemos soluci\u00f3n de nutrientes para hidropon\u00eda, bolsas peque\u00f1as de sustrato, charolas de germinaci\u00f3n, semillas y plantula. <\/h2>\n\n\n\n<figure class=\"wp-block-image\"><img decoding=\"async\" width=\"1024\" height=\"819\" src=\"https:\/\/jamaak.com.mx\/wp-content\/uploads\/2022\/09\/Collage-Tabl\u00f3n-de-Madera-Fotos-Polaroid-Aesthetic-2-1024x819.png\" alt=\"\" class=\"wp-image-644\" srcset=\"https:\/\/jamaak.com.mx\/wp-content\/uploads\/2022\/09\/Collage-Tabl\u00f3n-de-Madera-Fotos-Polaroid-Aesthetic-2-1024x819.png 1024w, https:\/\/jamaak.com.mx\/wp-content\/uploads\/2022\/09\/Collage-Tabl\u00f3n-de-Madera-Fotos-Polaroid-Aesthetic-2-300x240.png 300w, https:\/\/jamaak.com.mx\/wp-content\/uploads\/2022\/09\/Collage-Tabl\u00f3n-de-Madera-Fotos-Polaroid-Aesthetic-2-768x614.png 768w, https:\/\/jamaak.com.mx\/wp-content\/uploads\/2022\/09\/Collage-Tabl\u00f3n-de-Madera-Fotos-Polaroid-Aesthetic-2.png 2000w\" sizes=\"(max-width: 767px) 89vw, (max-width: 1000px) 54vw, (max-width: 1071px) 543px, 580px\" \/><figcaption><a href=\"https:\/\/jamaak.com.mx\/index.php\/productos\/\">&gt;&gt;&gt;&gt;&gt;&gt;&gt;Conoce m\u00e1s de nuestros productos&#8230;&lt;&lt;&lt;&lt;&lt;&lt;<\/a><\/figcaption><\/figure>\n\n\n\n<h2 class=\"wp-block-heading\" style=\"text-align:center\">Te apoyamos con asesor\u00eda para que  puedas realizar tu proyecto a medida de tus necesidades<\/h2>\n\n\n\n<figure class=\"wp-block-image\"><img loading=\"lazy\" decoding=\"async\" width=\"2896\" height=\"2896\" src=\"https:\/\/jamaak.com.mx\/wp-content\/uploads\/2019\/11\/EBDL5329.jpeg\" alt=\"\" class=\"wp-image-458\" srcset=\"https:\/\/jamaak.com.mx\/wp-content\/uploads\/2019\/11\/EBDL5329.jpeg 2896w, https:\/\/jamaak.com.mx\/wp-content\/uploads\/2019\/11\/EBDL5329-150x150.jpeg 150w, https:\/\/jamaak.com.mx\/wp-content\/uploads\/2019\/11\/EBDL5329-300x300.jpeg 300w, https:\/\/jamaak.com.mx\/wp-content\/uploads\/2019\/11\/EBDL5329-768x768.jpeg 768w, https:\/\/jamaak.com.mx\/wp-content\/uploads\/2019\/11\/EBDL5329-1024x1024.jpeg 1024w, https:\/\/jamaak.com.mx\/wp-content\/uploads\/2019\/11\/EBDL5329-100x100.jpeg 100w\" sizes=\"(max-width: 767px) 89vw, (max-width: 1000px) 54vw, (max-width: 1071px) 543px, 580px\" \/><figcaption><a href=\"https:\/\/jamaak.com.mx\/index.php\/servicios\/\">&gt;&gt;&gt;&gt;&gt;Conoce m\u00e1s sobre nuestros servicios&lt;&lt;&lt;&lt;&lt;<\/a><\/figcaption><\/figure>\n","protected":false},"excerpt":{"rendered":"<p>&#8220;Cultivando saberes para una vida arm\u00f3nica y autosustentable&#8221; Jamaak Escuela Verde &#8220;Es un centro de capacitaci\u00f3n para la vida sustentable, donde se ense\u00f1an t\u00e9cnicas alternativas al cultivo convencional, compostaje, reciclaje entre otras ecotecnias para que con estas herramientas el cursante tenga acceso a una mejor calidad de vida&#8221; Tambi\u00e9n nos dedicamos al cultivo y venta &hellip; <\/p>\n<p class=\"link-more\"><a href=\"https:\/\/jamaak.com.mx\/\" class=\"more-link\">Continuar leyendo<span class=\"screen-reader-text\"> &#8220;INICIO&#8221;<\/span><\/a><\/p>\n","protected":false},"author":1,"featured_media":0,"parent":0,"menu_order":0,"comment_status":"closed","ping_status":"closed","template":"","meta":{"footnotes":""},"class_list":["post-31","page","type-page","status-publish","hentry"],"_links":{"self":[{"href":"https:\/\/jamaak.com.mx\/index.php\/wp-json\/wp\/v2\/pages\/31","targetHints":{"allow":["GET"]}}],"collection":[{"href":"https:\/\/jamaak.com.mx\/index.php\/wp-json\/wp\/v2\/pages"}],"about":[{"href":"https:\/\/jamaak.com.mx\/index.php\/wp-json\/wp\/v2\/types\/page"}],"author":[{"embeddable":true,"href":"https:\/\/jamaak.com.mx\/index.php\/wp-json\/wp\/v2\/users\/1"}],"replies":[{"embeddable":true,"href":"https:\/\/jamaak.com.mx\/index.php\/wp-json\/wp\/v2\/comments?post=31"}],"version-history":[{"count":61,"href":"https:\/\/jamaak.com.mx\/index.php\/wp-json\/wp\/v2\/pages\/31\/revisions"}],"predecessor-version":[{"id":1221,"href":"https:\/\/jamaak.com.mx\/index.php\/wp-json\/wp\/v2\/pages\/31\/revisions\/1221"}],"wp:attachment":[{"href":"https:\/\/jamaak.com.mx\/index.php\/wp-json\/wp\/v2\/media?parent=31"}],"curies":[{"name":"wp","href":"https:\/\/api.w.org\/{rel}","templated":true}]}}