{"id":1005,"date":"2022-10-01T02:09:45","date_gmt":"2022-10-01T02:09:45","guid":{"rendered":"http:\/\/jamaak.com.mx\/?page_id=1005"},"modified":"2022-10-01T02:09:45","modified_gmt":"2022-10-01T02:09:45","slug":"curso-de-hidroponia-completo-online","status":"publish","type":"page","link":"https:\/\/jamaak.com.mx\/index.php\/curso-de-hidroponia-completo-online\/","title":{"rendered":"CURSO DE HIDROPONIA COMPLETO ONLINE"},"content":{"rendered":"\n<div class=\"wp-block-image\"><figure class=\"aligncenter is-resized\"><img fetchpriority=\"high\" decoding=\"async\" src=\"http:\/\/jamaak.com.mx\/wp-content\/uploads\/2022\/10\/Historia-de-Instagram-Curso-de-Cocina-Online-Elegante-Burdeos-576x1024.png\" alt=\"\" class=\"wp-image-998\" width=\"262\" height=\"465\" srcset=\"https:\/\/jamaak.com.mx\/wp-content\/uploads\/2022\/10\/Historia-de-Instagram-Curso-de-Cocina-Online-Elegante-Burdeos-576x1024.png 576w, https:\/\/jamaak.com.mx\/wp-content\/uploads\/2022\/10\/Historia-de-Instagram-Curso-de-Cocina-Online-Elegante-Burdeos-169x300.png 169w, https:\/\/jamaak.com.mx\/wp-content\/uploads\/2022\/10\/Historia-de-Instagram-Curso-de-Cocina-Online-Elegante-Burdeos-768x1365.png 768w, https:\/\/jamaak.com.mx\/wp-content\/uploads\/2022\/10\/Historia-de-Instagram-Curso-de-Cocina-Online-Elegante-Burdeos.png 1080w\" sizes=\"(max-width: 262px) 100vw, 262px\" \/><\/figure><\/div>\n\n\n\n<figure class=\"wp-block-image\"><img decoding=\"async\" width=\"724\" height=\"1024\" src=\"http:\/\/jamaak.com.mx\/wp-content\/uploads\/2022\/10\/Aviso-Se\u00f1alizaci\u00f3n-Obra-en-Construcci\u00f3n-Simple-Amarillo-y-Blanco-724x1024.png\" alt=\"\" class=\"wp-image-1003\" srcset=\"https:\/\/jamaak.com.mx\/wp-content\/uploads\/2022\/10\/Aviso-Se\u00f1alizaci\u00f3n-Obra-en-Construcci\u00f3n-Simple-Amarillo-y-Blanco-724x1024.png 724w, https:\/\/jamaak.com.mx\/wp-content\/uploads\/2022\/10\/Aviso-Se\u00f1alizaci\u00f3n-Obra-en-Construcci\u00f3n-Simple-Amarillo-y-Blanco-212x300.png 212w, https:\/\/jamaak.com.mx\/wp-content\/uploads\/2022\/10\/Aviso-Se\u00f1alizaci\u00f3n-Obra-en-Construcci\u00f3n-Simple-Amarillo-y-Blanco-768x1086.png 768w, https:\/\/jamaak.com.mx\/wp-content\/uploads\/2022\/10\/Aviso-Se\u00f1alizaci\u00f3n-Obra-en-Construcci\u00f3n-Simple-Amarillo-y-Blanco.png 1587w\" sizes=\"(max-width: 724px) 100vw, 724px\" \/><\/figure>\n","protected":false},"excerpt":{"rendered":"","protected":false},"author":1,"featured_media":0,"parent":0,"menu_order":0,"comment_status":"closed","ping_status":"closed","template":"","meta":{"footnotes":""},"class_list":["post-1005","page","type-page","status-publish","hentry"],"_links":{"self":[{"href":"https:\/\/jamaak.com.mx\/index.php\/wp-json\/wp\/v2\/pages\/1005","targetHints":{"allow":["GET"]}}],"collection":[{"href":"https:\/\/jamaak.com.mx\/index.php\/wp-json\/wp\/v2\/pages"}],"about":[{"href":"https:\/\/jamaak.com.mx\/index.php\/wp-json\/wp\/v2\/types\/page"}],"author":[{"embeddable":true,"href":"https:\/\/jamaak.com.mx\/index.php\/wp-json\/wp\/v2\/users\/1"}],"replies":[{"embeddable":true,"href":"https:\/\/jamaak.com.mx\/index.php\/wp-json\/wp\/v2\/comments?post=1005"}],"version-history":[{"count":1,"href":"https:\/\/jamaak.com.mx\/index.php\/wp-json\/wp\/v2\/pages\/1005\/revisions"}],"predecessor-version":[{"id":1007,"href":"https:\/\/jamaak.com.mx\/index.php\/wp-json\/wp\/v2\/pages\/1005\/revisions\/1007"}],"wp:attachment":[{"href":"https:\/\/jamaak.com.mx\/index.php\/wp-json\/wp\/v2\/media?parent=1005"}],"curies":[{"name":"wp","href":"https:\/\/api.w.org\/{rel}","templated":true}]}}